5*c**2 + 7*c - 4. Let v be s(6). Suppose 4*m = -v*x + 6, w = 3*x - 2*m - 6. What is the units digit of x?
5
Suppose 2*s = -s + 18. Let w be 1 + (s - (-1 - -3)). Suppose 20 = 4*n, -7*n + 60 = w*a - 2*n. What is the units digit of a?
7
Suppose 0 = -5*j - g + 445 + 104, 4*g = -j + 125. What is the units digit of j?
9
Suppose -u + 3 + 2 = 0. Suppose 3*t = u*t. What is the units digit of (t + 7)*(-1 - -2)?
7
Let z = 55 - 0. Suppose -4*i + 2*x + 106 = 0, -3*x = -5*i + 3*i + z. What is the units digit of i?
6
Suppose -4*t + 12 = -2*f, 5*t - 10 = 15. Suppose h = -f*d + 2 + 13, -5 = 5*h. Suppose d*c - 6 + 2 = 0. What is the units digit of c?
1
Let u = 0 + 4. What is the units digit of 7 - (3/3 - u)?
0
Let b = 18 + -12. Let w(o) = -o**3 + 7*o**2 - 4*o + 2. Let u be w(b). What is the units digit of 2/u - (-153)/7?
2
What is the hundreds digit of (247 - 0) + 0 + -1?
2
Let i be (-12)/8*16/(-6). Let b(v) = v**3 - 5*v**2 + 3*v + 5. What is the units digit of b(i)?
1
Suppose -10*z = -7*z - 63. What is the units digit of z?
1
Let m(b) = b**3 - 12*b**2 + 3*b - 11. What is the units digit of m(13)?
7
Suppose -2*z + 0*z + 10 = -2*n, 0 = z - 4*n - 14. Let a(g) = g**2 - 1. Let u be a(1). Let d = u + z. What is the units digit of d?
2
Suppose -4*n - 4*r + 164 = 0, -81 = -2*n - 3*r + 2*r. What is the units digit of n?
0
Let w(x) = 4*x**2 + 2*x + 3. What is the tens digit of w(-4)?
5
Suppose -5*u - 2*a + 455 = a, -5 = a. What is the tens digit of u?
9
Let l be 4/10 - 84/35. What is the units digit of (l - -5)/(2/6)?
9
Let g = -3 + 6. Suppose 0 = -g*a + 13 + 32. What is the units digit of a?
5
Let f(x) = x**3 - 2*x**2 - x - 3. Let w be f(3). Suppose 38 = 4*p - 5*d, -3*p - d = w*d - 13. What is the units digit of p?
7
Let q(w) = 3*w**2 + 3*w - 5. Let p(y) = y - 1. Let z(l) = -4*p(l) + q(l). What is the tens digit of z(-2)?
1
Suppose b + 4*m - 18 = -0*m, 0 = b + m - 6. Let u be 3/(-8)*b*-8. Let q = u - 4. What is the units digit of q?
2
Let p be ((-8)/1)/((-18)/99). Let i = -14 + p. What is the tens digit of i?
3
Let v(o) be the first derivative of o**3 + 5*o**2/2 + 4*o - 4. What is the tens digit of v(-4)?
3
Suppose 525 = 3*u + 3*y, u - 3*y - 519 = -2*u. What is the hundreds digit of u?
1
Let m(u) = u**3 + 5*u**2 - u - 4. Let b be 3 + -2 - (5 + -2). Let t be b/(-4) + 45/(-10). What is the tens digit of m(t)?
1
Suppose 2*u = 3*v + 39, u = 3*u + 4*v - 74. What is the units digit of (112 + -1)*9/u?
7
Suppose -44 + 18 = -s. What is the tens digit of s?
2
Let j(o) = 2*o - 7. Let s be j(5). Suppose 2*m - 6 = 2*z, 6*z + 12 = 2*z. Suppose 4*a + y - 17 = m, s*y + 27 = 4*a + 6*y. What is the units digit of a?
3
Suppose 7*n - 4*n - 494 = g, 2*n - 5*g - 312 = 0. What is the tens digit of n?
6
Let r = 31 - 18. Let h = r - 7. Let g(n) = -n**3 + 5*n**2 + 6*n + 8. What is the units digit of g(h)?
8
Suppose -135 = -3*k - u + 42, 5*k - 275 = 5*u. What is the units digit of k?
8
Let m = 353 + -137. What is the units digit of m?
6
Suppose 8*t - 4*t + 2*o = 598, 0 = -5*t - 2*o + 745. What is the hundreds digit of t?
1
Suppose 5*i - 46 = 4*g, 0 = -g - 0 - 4. Suppose -2*b + i*b = -2*u + 22, -5*b + 23 = -2*u. What is the tens digit of (-41)/(-4) - u/4?
1
Let u = -9 - -12. Suppose 0 = -m - 2*m + u. What is the units digit of m?
1
Suppose 0 = 4*t - 4*y - 16, -3*t - 2*y - 16 = 2*y. Suppose -2*b + 15 = 3*b, t = -v + b + 5. What is the units digit of v?
8
What is the tens digit of (-144)/(-2) + -12 + 13?
7
Suppose -3*n + 0 = -9. Suppose n*b - 16 + 1 = 0. What is the units digit of b?
5
Let d(q) = 5*q - 7. What is the tens digit of d(4)?
1
Let t(w) be the third derivative of w**5/60 + 7*w**4/24 + 7*w**3/6 - 4*w**2. What is the units digit of t(-9)?
5
Suppose 2*m + 5 - 3 = 0, -3*s = 2*m - 7. Suppose y - s = -0*y. Suppose 0 = y*l - 1 - 2. What is the units digit of l?
1
Let t(u) = -2*u + 27. What is the tens digit of t(0)?
2
Let s = 15 + 77. What is the tens digit of s?
9
Suppose 2*h - 2 = 2. Suppose -h*w = -4*i - 12, 2*w + i = -2*w + 15. Suppose -2*g + 20 = w. What is the units digit of g?
8
What is the tens digit of 18/(-81) + 184/18?
1
Let w = 3 + -1. Let l be (-7)/(-9) - (-4)/18. What is the units digit of l/w + (-18)/(-4)?
5
What is the tens digit of (-148)/(2 - 4) + 2/2?
7
Suppose 0 = 4*a + 2*v + 4, -1 = -a - 5*v - 11. Suppose -m - m + 76 = a. What is the units digit of m?
8
Let q be (18/4)/(12/32). What is the units digit of 9 + q - (0 - 0)?
1
Suppose -4*j + 24 = -h, -4*j - 2*h = j - 17. Suppose j*l - 225 = -2*y, -4*l - 3*y = -4*y - 193. What is the units digit of l?
7
Let l(d) = -3*d**3 + 2*d**2 - 2*d + 1. Let x(k) = -k**2 + 3*k + 1. Let p be x(3). Let o be l(p). What is the units digit of 4 + -2 - (o + -1)?
5
Suppose -f + 7 = 6. What is the tens digit of (f - 33)/((-8)/12)?
4
Suppose 1318 = 3*o + 4*c, 0*o + 442 = o + 4*c. Suppose -168 = 6*d - o. What is the tens digit of d?
4
Suppose -3*r = -2 - 34. Let v = -8 + r. Suppose 3*n + n = -v, 3*f + 4*n = 20. What is the units digit of f?
8
Let j = -3 - 0. Let w = j - -23. What is the units digit of w?
0
Let a = -10 + 34. What is the tens digit of a?
2
Suppose 5*g + 1 = -9. Let d(y) = -2*y**3 - 2*y**2 + y - 2. Let a be d(g). Let u(z) = z**3 - 3*z**2 + 2*z - 4. What is the tens digit of u(a)?
2
Let z(g) = -3*g**3 + g**2 + g. Let k be z(-1). Let t = 0 + k. Suppose -t*q - q = -20. What is the units digit of q?
5
Let g(q) = 2*q**2 + 12*q - 16. What is the units digit of g(-11)?
4
Suppose -13 = v - 75. What is the units digit of v?
2
Let v be -3 - ((-8)/(-1))/4. What is the units digit of (6/15)/((-1)/v)?
2
Let m = -17 + 62. What is the tens digit of m?
4
Let o = 34 + 1. What is the units digit of o?
5
Suppose -4*x = 2*i - 0*i - 8, -i = 0. Suppose x*c = -0*c + 124. Suppose l = s + 15, 0 = -l + 5*l - 2*s - c. What is the units digit of l?
6
Let u = 5 + -4. Let s(h) = -h**3 + 3*h + 1. Let d be s(-2). Suppose 19 = d*o + u. What is the units digit of o?
6
Suppose 92 = 4*b - 0*b. What is the units digit of b?
3
Suppose 0 = 5*t - i - 15, -5*t + 3*t + i + 6 = 0. What is the units digit of t?
3
Suppose 285 = 7*p - 16. What is the tens digit of p?
4
Let g(j) = -2*j**3 - 2*j**2 - 6*j - 5. Let h be g(5). What is the units digit of 2/(-6) - h/15?
2
Suppose -6*m - 158 = -8*m. What is the units digit of m?
9
Let s = 0 - -26. Let b be 2/6 - s/6. Let v = b + 5. What is the units digit of v?
1
Suppose 3 = w + 2. Let c be ((-3)/3)/((-1)/w). Let s = 0 + c. What is the units digit of s?
1
Let f = -6 - -6. Suppose f = 4*v - 2*v - 2. What is the units digit of v?
1
Suppose 3*c + 9 = 4*y - 16, 0 = 4*c - 20. Let p = y + 2. What is the tens digit of p?
1
Suppose -14 = -a + 1. Suppose a = 3*s - 42. What is the tens digit of s?
1
Let j(w) = w**3 - 8*w**2 - 6*w - 13. What is the tens digit of j(9)?
1
Suppose 0 = -5*b - c + 5*c + 30, 3*b - 1 = -c. Let n = b + 24. What is the tens digit of n?
2
Let l = 104 - 13. What is the tens digit of l?
9
Suppose 4*v + 17 = -39. What is the units digit of (-228)/(-14) + 4/v?
6
Let g(s) = s + 102. What is the tens digit of g(-14)?
8
Let w(c) = c**3 - 9*c**2 + 1. Let h be w(9). Let z = 7 - h. What is the units digit of z?
6
Suppose 3*m + 2 = -4*y, 5*y = y - 8. Let z be 2/m*(-1 + 2). What is the units digit of (-18)/(-4) + z/2?
5
Let t(s) be the first derivative of -s**3/3 - 11*s**2/2 + 2*s + 1. Let u be -12 - (-1 - (-1 - 6/(-3))). What is the units digit of t(u)?
2
Suppose -2*f = -f + 5, 3*d + 4*f - 226 = 0. What is the units digit of d?
2
Suppose s = 4*w - 8, 3*s + 5*w + 4 + 3 = 0. Let o = s + 0. Let z = 6 + o. What is the units digit of z?
2
Let g be (3 - (3 - 3)) + -3. Suppose g = 8*m - 3*m. Suppose 3*q + 4 - 7 = m. What is the units digit of q?
1
Suppose 8*a - 3*a = 370. What is the units digit of a?
4
Let a = 263 + -144. What is the hundreds digit of a?
1
Suppose -8*k = -337 - 367. What is the tens digit of k?
8
Suppose -8*p + 6*p = 140. Let t = -34 - p. What is the units digit of t?
6
Let j = -6 - -32. What is the units digit of j?
6
What is the tens digit of (113 - -1)/(1 + 0/6)?
1
Let l(u) = u + 8. Let o be l(-7). Let p be 0/(-3 + o) + 0. Suppose 2*i - 12 - 2 = p. What is the units digit of i?
7
Let k be 7 + 3 + (-1 - 1). Let g = 6 - 1. Let f = k - g. What is the units digit of f?
3
Suppose -138 = 4*z + 2*k, 5*z - 3*k + 178 = -0*k. Let